= -2*x + h + k. What is the highest common divisor of x and 24?
8
Let o = -47 + 123. Suppose 5 = -v, 0 = 4*u + v - 3*v - 86. What is the greatest common divisor of o and u?
19
Suppose 4*f = 2*f - 4. Let g be 12/((-9)/f + -3). Calculate the greatest common divisor of 12 and g.
4
Suppose 5 = -9*k + 8*k. Let s be 2 + k - -2 - -53. Suppose -s - 50 = -3*d. Calculate the highest common divisor of d and 272.
34
Let o = 101 - 54. Suppose 2*a = -u + 26, 3*u + 3*a - o - 28 = 0. Let m = 47 - u. What is the greatest common factor of m and 46?
23
Suppose -29*c - 10317 = -48*c. What is the highest common factor of 3 and c?
3
Let h = -24 - -35. Let p(y) = -33*y + 1859. Let u be p(54). What is the highest common divisor of u and h?
11
Let z(h) be the first derivative of h**3/3 - 8*h**2 - 8*h + 20. Let d be z(17). What is the greatest common divisor of d and 63?
9
Suppose -2*h = 6 + 4, r + h = -93. Let o = r + 176. Calculate the highest common factor of 11 and o.
11
Let u be (-123)/123*((-2)/1 - 17). Suppose -x + 886 = x. Let p = x - 291. What is the greatest common divisor of u and p?
19
Suppose -48 = 21*u - 20*u. Let h = u + 60. Calculate the greatest common factor of h and 156.
12
Let s(x) = 28*x**2 - 4*x - 16. Let c be s(6). Calculate the highest common factor of 88 and c.
88
Suppose 28 = 4*m + 2*i, 3 = -m - 0*m - 3*i. Let h be ((-30)/20)/(m/(-24)). Let y be (-4)/((-21)/15 - -1). What is the greatest common divisor of y and h?
2
Let u be -2*(1 - 6/4). Let a = -227 - -209. Let s be (1/((-8)/a))/(55/220). Calculate the greatest common divisor of u and s.
1
Let i be 8/(-2) + 35 + 2. Let m be 6/(-2) + 180/(5/1). Calculate the greatest common divisor of m and i.
33
Let d be (-20)/(-6) + (-26)/(-39) + 9. What is the highest common divisor of 871 and d?
13
Suppose 6 = b + 2*t, -4 = -4*b + 3*t + 20. Let f(u) = 5*u - u + 1 - b*u. Let c be f(-1). Calculate the greatest common divisor of 21 and c.
3
Suppose -5*g = 5*x, 57*x = -3*g + 58*x + 12. Let p be (-26)/(-4) + 2/(-4). What is the greatest common divisor of g and p?
3
Suppose -3*u + 9 = -4*g - g, -2*g = 3*u - 9. Suppose 4*n + 16 = 0, -m = m + u*n - 66. What is the greatest common factor of m and 26?
13
Let q = 7 + -9. Let c be (-3)/(2/(-12 - q)). What is the greatest common divisor of 120 and c?
15
Let r(o) = -2*o**3 + 106*o**2 + 8*o - 83. Let u be r(53). Calculate the highest common factor of u and 22.
11
Let b be (-4)/(-1) - (-14 - -2). Let p = 0 - 0. Suppose -4*s - n + 98 = 0, p*s - 4*n + 104 = 4*s. Calculate the greatest common divisor of s and b.
8
Suppose 6*a - 392 = 2*a - 5*r, 0 = 5*r. Suppose -m = -3*m + a. Suppose 2*b = -5*c + 3*c + 8, 0 = -4*b - c + 25. What is the greatest common divisor of m and b?
7
Suppose 2*q - 687 = -5*n, -2*q + 24*n + 684 = 28*n. Calculate the highest common divisor of q and 96.
48
Suppose -4*x + 7*w + 4209 = 8*w, 3147 = 3*x + 4*w. Calculate the greatest common factor of x and 324.
81
Let r(m) = m**2 - 11*m - 10. Let t be r(12). Suppose 4*s - 312 = -t*s. Calculate the highest common divisor of 4 and s.
4
Let m = 82 - -26. Calculate the highest common divisor of m and 81.
27
Suppose -2*h + 3*c - 173 = 0, 4*h = -4*c - 371 + 15. Let i = 104 + h. Calculate the highest common factor of 2 and i.
2
Let w(h) = -h**2 - 6*h + 2. Let a be w(-6). Let i be (a/(-2))/((-2)/10). Let v(f) = -f**2 + 7*f. Let b be v(i). What is the greatest common factor of 40 and b?
10
Suppose -2*y = 5*i + 49, 2*i - 3*y = -16 - 15. Let f(c) = 2*c**2 + 16. Let h be f(0). Let j = h + i. Calculate the highest common divisor of 5 and j.
5
Suppose 0 = 2*g + 4*g. Suppose 3*l = 0, -4*d + g*l + 48 = 2*l. What is the greatest common factor of 2 and d?
2
Suppose 6*k - 84 = 10*k. Suppose 6 = -9*o - 12. Let n be 8/14*k/o. What is the greatest common divisor of 42 and n?
6
Let s = -359 - -377. Calculate the greatest common divisor of 48 and s.
6
Let k = 5 - 1. Suppose -4*w - 2*r = -10, -2 = -3*w - 3*r + k. What is the highest common factor of w and 24?
3
Suppose -240 = -3*k - k - 5*x, 300 = 5*k - 2*x. What is the highest common factor of k and 390?
30
Suppose 0 = 16*g - 4*g - 612. Suppose g = -4*d + 579. Calculate the greatest common factor of d and 44.
44
Let m = -10 + -11. Let i be (14/m)/((-2)/480). Calculate the greatest common factor of 20 and i.
20
Let x(d) = 2*d**2 - 3*d - 10. Let f be x(3). Let a = -36 - -15. Let r be (f + a)*(-2)/1. What is the highest common factor of 110 and r?
22
Let m = 99 - 50. Suppose 0 = 5*h - 2*j - m, h = -0*h + 3*j + 2. What is the highest common divisor of h and 187?
11
Suppose -v + 84*x - 86*x = -178, -4*x + 12 = 0. What is the highest common divisor of v and 2?
2
Let v(b) = -b**2 + 10*b + 2. Let y be v(10). Suppose -y*q = 6*q - 56. Calculate the highest common divisor of q and 14.
7
Suppose -11*a + 3465 = -3641. What is the greatest common factor of 38 and a?
38
Let m(k) = -k**2 - 3*k - 4. Let f be m(-3). Let n = f - -9. Let o be 4/(-20) - 552/(-10). What is the greatest common divisor of n and o?
5
Suppose -4*f = -8 - 12. Let w(d) = 2*d**2 + 124*d - 201. Let x be w(-64). What is the highest common divisor of x and f?
5
Let r = 1618 - 978. What is the greatest common factor of r and 10?
10
Let b = -35 - -38. Suppose b*s + 24 = p - 0*p, 0 = -5*p + 4*s + 76. What is the greatest common divisor of 12 and p?
12
Let d(a) = -a**3 + 2*a**2 + 3*a + 1. Let k be d(3). Let f be (-64)/(-2*k/2). What is the greatest common divisor of 8 and f?
8
Let r = -783 - -808. What is the greatest common factor of r and 20?
5
Let a be 20*(2 + (-2)/2). Let r = 20 + a. Suppose -5*q = -545 - r. What is the greatest common divisor of q and 13?
13
Suppose -3*m - 3*k = -6072, -5*k = -m + 1995 + 11. Calculate the greatest common divisor of 47 and m.
47
Suppose 5*n = -a + 28, 4*a + 2*n = 9*a - 59. Calculate the greatest common factor of 52 and a.
13
Let a(z) = -z**3 + 23*z**2 - 21*z - 165. Let q be a(20). Calculate the highest common divisor of 15 and q.
15
Suppose -336 = -8*i + 5*i. Let x be ((-2)/(-4))/((-2)/i). Let k = x + 91. Calculate the greatest common divisor of 9 and k.
9
Suppose 2*m = -2*m - r + 1, -8 = 4*m + 4*r. Let h be 5/(-5) + (-1 - -7). Calculate the greatest common factor of m and h.
1
Let m = 863 + -676. Calculate the greatest common factor of 238 and m.
17
Suppose -1466 = 5*n - 1841. Suppose -3*m + 3*r - 4*r + 82 = 0, 86 = 3*m - r. Let h = -13 + m. Calculate the highest common factor of n and h.
15
Suppose 0 = -3*o + 2*o + 13. Suppose 5*r + 624 = o*r. What is the highest common factor of r and 13?
13
Let o be 8/44 + 1040/88. What is the highest common divisor of o and 30?
6
Let l be 141/1 + -3 + 7. Suppose 5*d - 5*n - l = -0*d, 0 = -5*d - 2*n + 117. Let t be (-2)/(-8) + 39/4. What is the greatest common divisor of d and t?
5
Let y = 27 - 67. Let f = y - -27. Let l = 23 + f. What is the highest common factor of 1 and l?
1
Suppose -117 = 5*u - 1437. Suppose 0 = -5*j - 3*y + 246, -5*j = -3*y - u + 30. Calculate the highest common factor of j and 72.
24
Suppose 6*w = 283 + 317. What is the greatest common divisor of w and 75?
25
Let d(b) = 43*b**2 - 3*b - 2. Let c be d(-1). What is the greatest common factor of c and 33?
11
Let h(o) = -5*o - 58. Let x be h(-15). Let q(j) be the first derivative of -69*j**2/2 - j - 2. Let r be q(-1). What is the highest common factor of r and x?
17
Suppose 4*d - 2*f - 42 = 0, -32 = -d - 3*f - 11. Suppose 4*r = -5*w + 68, 4*w - 48 = -3*r + w. Calculate the greatest common divisor of d and r.
12
Let s = 1403 - 693. Calculate the highest common factor of 142 and s.
142
Let m(n) = 107*n**3 + 2*n**2 - n. Let h be m(1). Calculate the highest common divisor of 360 and h.
36
Let i = 203 + -133. Let n(z) = 3*z**2 + 2. Let w = 6 - 8. Let s be n(w). Calculate the greatest common divisor of i and s.
14
Suppose -11659 - 7943 = -33*d. What is the highest common factor of 162 and d?
54
Let n = -22 - -19. Let d(x) = -4*x**3 + 2*x**2 - 6*x. Let z be d(n). Calculate the greatest common factor of z and 16.
16
Let q be (-1365)/(-6)*(0 - (-24)/(-15)). Let b be (q/(-42))/((-4)/(-66)). What is the highest common divisor of 11 and b?
11
Suppose -2*a = 5*h - 8 - 16, 3*a - 17 = 2*h. Let i(f) = -106*f - 1089. Let u be i(-11). Calculate the greatest common divisor of a and u.
7
Suppose 47 = 9*p + 